 Suppose p - 4 - 1 = 0. Let t be ((-4)/p)/((-2)/n). Give g(t).
-2
Suppose -4*m + 12 = 4*c, m + 3*c - 8 = -m. Let u(j) = -2*j. Determine u(m).
-2
Let s be 1 + (0/(-2) - -9). Let a be -2*6/(18/(-15)). Let n = a - s. Let b(w) = w - 5. Determine b(n).
-5
Suppose h + 6*h - 168 = 0. Let m = h - 23. Let j(x) = -2*x**2 - 1. Give j(m).
-3
Let a(p) = -p**2 + 1. Suppose 0 = 4*v - v - 3. Give a(v).
0
Let d(n) = n**3 + 7*n**2 + 7*n + 6. Let l be d(-6). Let k(i) = i**2 + 11. What is k(l)?
11
Suppose -6*s - 6 + 18 = 0. Let b(f) be the third derivative of -f**8/20160 + f**6/360 + f**5/60 + f**2. Let l(m) be the third derivative of b(m). What is l(s)?
-2
Let y(c) = c - 7. Let l be y(5). Let r(f) = 429*f - 3 - 145*f - 147*f - 141*f. Calculate r(l).
5
Let j be (-51)/9 - (-1)/(-3). Let z(m) = -m - 4. What is z(j)?
2
Let c(z) = -11*z + 7. Let t(r) = 10*r + 2. Let u(x) = x + 1. Let q(j) = -t(j) + 5*u(j). Let w(f) = -2*c(f) + 5*q(f). Give w(5).
-14
Let g(a) = 8*a + 13. Let i(o) = -15*o - 25. Let q(m) = -11*g(m) - 6*i(m). Calculate q(-5).
-3
Let a(v) be the third derivative of -v**6/720 - v**4/6 + 5*v**2. Let b(z) be the second derivative of a(z). Calculate b(1).
-1
Let s(f) = f - 3. Let c = 3 + 1. Suppose 0*x - c = -2*x. Let q be (-1)/x - 28/(-8). What is s(q)?
0
Let a(f) = 4*f - 3. Let u = -26 + 29. What is a(u)?
9
Let f(x) = x**3 - 3*x**2 - x + 2. Suppose 6*v - 5*v = -2. Give f(v).
-16
Let x(c) be the second derivative of -c**5/60 - c**3/6 - c**2/2 - 3*c. Let z(h) be the first derivative of x(h). What is z(1)?
-2
Let q = -22 + 24. Let x = 1 - q. Let z(h) = 4*h**2 + 1. What is z(x)?
5
Let n(f) = -f**3 + 6*f**2 + f - 7. Let l(w) = w**3 - 6*w**2 - w + 7. Let h(o) = 5*l(o) + 4*n(o). Let c(j) = 3*j - 3. Let u be c(3). Determine h(u).
1
Suppose q = 3*x - 3 - 14, -q - 5*x - 1 = 0. Let n = 13 + q. Let f(u) = -u**3 + 3*u - 2. Determine f(n).
-4
Let k(q) = -q**3 - q**2 - q - 3. Suppose -h + 0*h - 3 = -m, -2*h - 6 = 0. Determine k(m).
-3
Let r be 18/4 + (-6)/4. Let s(z) = 7*z**3 + 6*z - z - 5*z**2 - 8*z**r - 6. Determine s(-6).
0
Let s = -30 + 21. Let g(f) = -f - 19. What is g(s)?
-10
Let u(x) = x**3 - 6*x**2 - 3. Let y be u(6). Let q = 13 + -7. Let g = y + q. Let s(f) = f**3 - 4*f**2 + 2*f - 2. Determine s(g).
-5
Let y(d) = 31*d + 7*d**2 - 49*d - 1 + 18*d + 0. Suppose -z = z + 5*s + 18, 19 = -z - 5*s. Give y(z).
6
Let t(z) = -z**2 + 4 - 24*z - 27*z + 48*z. Suppose 4*p - 12 = -4*o, -2*o = 3*p - 5*o - 21. Let j = 1 - p. What is t(j)?
0
Let v(u) = 12*u. Let z be ((-15)/(-6) - (-1)/(-2))/1. Determine v(z).
24
Let z(y) = y**2 + 3*y + 4. Let b(g) = -g**3 + g**2 - g - 2. Let k be b(2). Let i(f) = 3*f**2 + 10*f + 12. Let c(p) = k*z(p) + 3*i(p). What is c(-6)?
4
Let z(w) be the second derivative of w**3/3 - w**2 - 7*w. Determine z(2).
2
Let z be 3/(-1*3/3). Let f = 5 + z. Let b(v) = -v**3 - v**2 + v - 4. Let u(g) = -2*g**3 - 3*g**2 + g - 9. Let q(x) = -5*b(x) + 2*u(x). Give q(f).
0
Let b(w) = 6*w + 7. Let o(a) = -7*a - 8. Let p = 1 - 6. Let c(n) = p*b(n) - 4*o(n). Let s be -2 + 2 + -1 + -1. Determine c(s).
1
Let l(h) = h + 7. Let m be l(-2). Let x(k) be the first derivative of k**2/2 - 2*k - 1. What is x(m)?
3
Suppose 4*c + 5 = -c. Let n be ((-2 - -3) + c)/2. Let s(a) = 2 + a**2 + n*a**2 + a**3 - a - 2*a**3. What is s(2)?
-4
Let x(g) = -g + 20. Let m be x(17). Let f(a) = a**2 - a + 4. Calculate f(m).
10
Let l(g) = -3*g**3 + 4*g + 3. Let k = 92 - 94. What is l(k)?
19
Suppose 0 = 5*c + 3*y - 16, -4*c - 4*y = -5 - 11. Let k(h) = 2*h**3 - 2*h**2 + 5. Let i(z) = -3*z**3 + 3*z**2 - 6. Let a(d) = 3*i(d) + 4*k(d). Give a(c).
-2
Let s(k) = -2*k + 1. Suppose g - 3 = -1. Suppose 0 = -g*y + y + 3. Calculate s(y).
-5
Let b = 6 + -4. Let o(g) = 2*g - g**3 - g + 0*g**3 + 2*g**3 - b - 4*g**2. What is o(4)?
2
Let h(z) be the second derivative of -z**5/20 + z**4/12 + z**3/3 + 2*z. Suppose 0 + 9 = 5*b + w, -2*w = 3*b - 4. What is h(b)?
0
Suppose 0 = -s - 3*s. Let i be s/2 + (-6)/(-3). Let n(f) = f**3 - f**2 + f - 1. Give n(i).
5
Let u(v) = 4*v + 3. Let x(k) = -5*k - 3. Let d(m) = -4*u(m) - 3*x(m). What is d(6)?
-9
Suppose -2*d - 3*d = 0. Let q(x) = 1 + 0*x + 0 - x + d*x. Give q(1).
0
Let t(l) be the second derivative of l**5/60 + l**4/6 + l**3/2 - l. Let c(q) be the second derivative of t(q). Let s = 8 + -13. Determine c(s).
-6
Let p(h) = 3*h**2 - 1. Let i be p(-1). Let q(c) = 2*c + 1. Let t(o) = -7*o - 4. Let b(v) = i*t(v) + 9*q(v). Suppose 7*w - 3 - 4 = 0. Calculate b(w).
5
Let q(p) = -p**3 - 2*p**2 + p. Let g(h) = h**2 - 3*h + 4. Let f be g(4). Let j be ((-9)/12)/((-1)/f). Suppose v + j = -v. Determine q(v).
6
Let v(x) be the third derivative of -x**4/24 + x**3/6 + 22*x**2. Calculate v(5).
-4
Let c(t) = -t**2 + t. Let u(x) = 6*x**2 - 12*x + 5. Let s(z) = -5*c(z) - u(z). Calculate s(5).
5
Let m be -1*1 - 8/(-8). Let p(u) = -2*u + 3 + m + 0*u. What is p(5)?
-7
Let n(d) = -4 + d**2 + 2*d - d + 4*d. Suppose -2*s - 66 = -56. What is n(s)?
-4
Let x(i) = i**2 + 3*i + 4. Let w(q) = 3*q**2 - 4*q + 2. Let a be w(2). Let h be (a/5)/((-4)/10). What is x(h)?
4
Let l(s) = -11*s - 8*s + 6 - s**3 + 17*s - 3*s**2 + 8*s**2. Let n(i) = 3*i**2 - 2. Let z be n(-2). Suppose 2*y - 19 = -3*o, 2*y = -5*o + z + 19. What is l(o)?
-4
Let f(v) be the first derivative of -v**6/120 - v**5/15 - v**4/8 - v**3/6 + v**2 + 2. Let d(q) be the second derivative of f(q). Determine d(-2).
-3
Let g(s) = -s - 8. Let y = -4 + 6. Suppose -n + y*m + 1 = 0, n - 36 = -2*n - 5*m. Let t = n + -11. Give g(t).
-4
Let d(l) = -5*l**3 - 2*l + 1. Let r = 10 + -9. Give d(r).
-6
Let j(s) = s**2 + 7*s - 5. Let k be 4/6 - 100/15. What is j(k)?
-11
Let m be -1*(-1 - (-3)/(-1)). Let k(w) = -3*w**3 + 16*w**2 + 5*w - 7. Let i(v) = -2*v**3 + 11*v**2 + 3*v - 5. Let o(h) = 7*i(h) - 5*k(h). Give o(m).
0
Let g(v) be the second derivative of 2*v**3/3 + v**2 - 2*v. Give g(3).
14
Let t(x) = -x**2 - 7*x + 2. Let v = -9 - -2. Let o be t(v). Let k(s) = -o*s + 4*s - 2 - 3*s. Determine k(0).
-2
Suppose 2*s = -2*c + 7*c - 90, 4*s - 40 = -c. Let t be (-15)/c*(1 - -3). Let g(v) = -2 + 2*v**2 + v**3 + 3*v - 1 - 7*v. Calculate g(t).
0
Let d(p) = 2*p**3 - 1. Let c be d(2). Suppose 4*a + c = 5*l - 6, -5*l - a + 26 = 0. Let t(s) = -s**2 + 4*s + 7. What is t(l)?
2
Suppose 4*y - 2 = 6. Let r(l) be the first derivative of -5*l - 1 - 2/3*l**3 - 7/2*l**y. Give r(-4).
-9
Let l(f) = -2*f + 3. Let n be l(3). Let u(z) = 5. Let p(a) = -a. Let d(q) = -p(q) + u(q). Determine d(n).
2
Let p(y) = -9*y**3 + y**2 - 3*y - 27. Let n(o) = -5*o**3 - o - 14. Let x(u) = -11*n(u) + 6*p(u). What is x(-7)?
-8
Let z(w) = -w**3 - 11*w**2 - 10*w + 2. Let v be 0 - (16/2 + 2). Let i be z(v). Let y(p) be the second derivative of p**3/3 - 2*p. Calculate y(i).
4
Let g(i) = -2*i**2 + i**3 + 8*i**2 - 2*i - 6 + 5*i. What is g(-5)?
4
Let t(i) = -i**3 + i**2 + 2*i + 1. Suppose 2*r = 5*r - 2*p - 10, 5*p + 8 = -r. What is t(r)?
1
Let z(i) be the third derivative of -i**7/840 - 7*i**6/360 - i**5/15 - 3*i**4/8 + 2*i**3/3 + i**2. Let g(y) be the first derivative of z(y). Determine g(-6).
3
Suppose -3*z = -2*z - 2. Let i(m) = -1 - m + 3*m - z*m**2 + 3*m**2. Let r be (-48)/(-21) + (-2)/7. Determine i(r).
7
Suppose 0 = 4*i + 2*l - 16, 7*i - l = 3*i + 4. Let q be (-1)/i*(3 + -1). Let a(n) = -3*n**3 - n**2 - n. Give a(q).
3
Let b(v) = -1. Let m(y) = y - 4. Let z(k) = -6*b(k) + m(k). Let o be (-37)/(-7) + (-4)/14. Suppose 0*t + o*t - 23 = 4*n, -n - 2*t = -4. Give z(n).
0
Let j(b) be the first derivative of b**4/4 - 2*b**3 + b**2 + 2*b + 8. Calculate j(6).
14
Let v(i) be the second derivative of -i**5/20 - i**4/6 - 2*i**2 + 6*i. Calculate v(-3).
5
Let l(g) = g**2 - 8*g + 6. Let w be l(6). Let y(k) be the first derivative of 3*k**2/2 + 3*k - 139. Calculate y(w).
-15
Suppose -r = -2*r. Let d(k) = r*k + k + 8 + k - 5. Suppose 1 = f - 2. What is d(f)?
9
Let q(s) = -s**2 - 2*s + 2. Let o(h) = -6*h**2 - 10*h + 10. Let b(g) = 2*o(g) - 11*q(g). Calculate b(4).
-10
Let k(r) = 77*r**2 + 18 - 158*r**2 + 82*r**2. Give k(0).
18
Let a(w) = w**3 + 6*w**2 - 6*w. Let y be a(-7). Let f = -6 - y. Let d = f + 3. Let i(o) = -o**2 + 4*o + 4. Determine i(d).
4
Let p(q) = q**3 - 5*q**2 - 4. Let m(u) = -u**2 + 16*u - 10. Let f be m(15). What is p(f)?
-4
Let m(s) = -s. Let h be m(-3). Let o(f) = 0*f**3 + 6 + f**3 - 6*f**2 - 2*f**h - 3*f. Suppose -4*g 